{"id":2681,"date":"2022-08-18T11:31:51","date_gmt":"2022-08-18T08:31:51","guid":{"rendered":"https:\/\/visuon.com\/s\/?page_id=2681"},"modified":"2024-11-13T14:50:40","modified_gmt":"2024-11-13T12:50:40","slug":"etusivu","status":"publish","type":"page","link":"https:\/\/visuon.com\/s\/","title":{"rendered":"Etusivu"},"content":{"rendered":"<p>[et_pb_section fb_built=&#8221;1&#8243; _builder_version=&#8221;4.24.2&#8243; _module_preset=&#8221;default&#8221; custom_margin=&#8221;0px||0px||false|false&#8221; custom_padding=&#8221;0px||0px||false|false&#8221; global_colors_info=&#8221;{}&#8221;][et_pb_row _builder_version=&#8221;4.24.2&#8243; _module_preset=&#8221;default&#8221; width=&#8221;100%&#8221; max_width=&#8221;100%&#8221; custom_margin=&#8221;0px||0px||false|false&#8221; custom_padding=&#8221;0px||0px||false|false&#8221; global_colors_info=&#8221;{}&#8221;][et_pb_column type=&#8221;4_4&#8243; admin_label=&#8221;Sarake&#8221; _builder_version=&#8221;4.16&#8243; _module_preset=&#8221;default&#8221; global_colors_info=&#8221;{}&#8221;][et_pb_slider use_bg_overlay=&#8221;on&#8221; use_text_overlay=&#8221;off&#8221; admin_label=&#8221;Vieritys&#8221; _builder_version=&#8221;4.24.2&#8243; _module_preset=&#8221;default&#8221; header_level=&#8221;h1&#8243; body_text_color=&#8221;#FFFFFF&#8221; min_height=&#8221;500px&#8221; custom_margin=&#8221;0px||0px||false|false&#8221; custom_padding=&#8221;50px||50px||false|false&#8221; animation_style=&#8221;slide&#8221; auto=&#8221;on&#8221; scroll_fade_enable=&#8221;on&#8221; hover_enabled=&#8221;0&#8243; custom_css_main_element=&#8221;a {||  color:#ffffff;||}&#8221; global_colors_info=&#8221;{}&#8221; sticky_enabled=&#8221;0&#8243;][et_pb_slide heading=&#8221;T\u00c4RKEIN SIJAINTISI DIGIKAKSOSENA?&#8221; button_text=&#8221;Pyyd\u00e4 lis\u00e4tietoa&#8221; button_link=&#8221;https:\/\/visuon.com\/s\/fi\/ota-yhteytta-2\/&#8221; url_new_window=&#8221;on&#8221; use_bg_overlay=&#8221;on&#8221; bg_overlay_color=&#8221;rgba(60,60,60,0.45)&#8221; use_text_overlay=&#8221;off&#8221; _builder_version=&#8221;4.24.2&#8243; _module_preset=&#8221;default&#8221; body_font_size=&#8221;22px&#8221; background_image=&#8221;https:\/\/visuon.com\/s\/wp-content\/uploads\/2021\/04\/tampere-hall-covid19-safety-visuon.png&#8221; background_enable_image=&#8221;on&#8221; child_filter_blur=&#8221;18px&#8221; hover_enabled=&#8221;0&#8243; global_colors_info=&#8221;{}&#8221; sticky_transition=&#8221;on&#8221; sticky_enabled=&#8221;0&#8243;]<\/p>\n<p>Visuon Digikaksonen on opastava, intuitiivinen ja virtuaalinen k\u00e4vij\u00e4kokemus paikassa, joka on kaikkein t\u00e4rkein kumppaneillesi, asiakkaillesi tai ty\u00f6ntekij\u00f6illesi.<\/p>\n<p><span style=\"color: #00ff00;\"><strong><a href=\"https:\/\/visuon.io\/@tampere-talo\/turvallisuusperehdytys\" target=\"_blank\" rel=\"noopener\" style=\"color: #00ff00;\"><span style=\"text-decoration: underline;\">CASE: TAMPERE-TALO, TUTUSTU, KLIKKAA T\u00c4ST\u00c4!<\/span><\/a><\/strong><\/span><\/p>\n<p>[\/et_pb_slide][et_pb_slide heading=&#8221;UUTTA!&#8221; button_text=&#8221;Lue lis\u00e4\u00e4 &#8230;&#8221; button_link=&#8221;https:\/\/visuon.com\/s\/fi\/visuon-lanseeraa-puhtausalan-perehdytyspalvelun-joka-vapauttaa-esimiesresursseja-ja-nostaa-tyon-laatua\/&#8221; use_bg_overlay=&#8221;on&#8221; bg_overlay_color=&#8221;rgba(10,10,10,0.6)&#8221; use_text_overlay=&#8221;off&#8221; _builder_version=&#8221;4.24.2&#8243; _module_preset=&#8221;default&#8221; header_level=&#8221;h1&#8243; header_text_color=&#8221;#FFFFFF&#8221; body_font_size=&#8221;23px&#8221; body_letter_spacing=&#8221;1px&#8221; body_line_height=&#8221;1.6em&#8221; background_video_mp4=&#8221;https:\/\/visuon.com\/s\/wp-content\/uploads\/2022\/12\/visuon-banner-video.mp4&#8243; background_enable_video_mp4=&#8221;on&#8221; custom_button=&#8221;on&#8221; button_text_color=&#8221;#FFFFFF&#8221; button_border_color=&#8221;#FFFFFF&#8221; global_colors_info=&#8221;{}&#8221; sticky_transition=&#8221;on&#8221;]<\/p>\n<p>Puhtausalan ammattilaisten kanssa tuotettu perehdytyspalvelu vapauttaa esimiesresursseja,<br \/>nostaa ty\u00f6n laatua ja laskee reklamaatioiden m\u00e4\u00e4r\u00e4\u00e4.<\/p>\n<p>Soita <a href=\"tel:+358505536899\">+358 50 553 6899<\/a> tai<\/p>\n<p>[\/et_pb_slide][et_pb_slide heading=&#8221;Ty\u00f6ohje ja kohdetiedot 2.0&#8243; button_text=&#8221;Pyyd\u00e4 esittely&#8221; button_link=&#8221;https:\/\/calendly.com\/jarmo-tanskanen\/visuon-presentation&#8221; url_new_window=&#8221;on&#8221; use_bg_overlay=&#8221;on&#8221; _builder_version=&#8221;4.24.2&#8243; _module_preset=&#8221;default&#8221; background_enable_color=&#8221;off&#8221; background_image=&#8221;https:\/\/visuon.com\/s\/wp-content\/uploads\/2022\/04\/siivous.jpg&#8221; background_enable_image=&#8221;on&#8221; global_colors_info=&#8221;{}&#8221; sticky_transition=&#8221;on&#8221;]<\/p>\n<p>Hy\u00f6dynn\u00e4 ty\u00f6kohdetietoja ja ty\u00f6ohjeita mobiilisti. Jatkuva tuki tehostaa itsen\u00e4ist\u00e4 tekemist\u00e4 ja osaamista.<\/p>\n<p>Soita <a href=\"tel:+358505536899\">+358 50 553 6899<\/a> tai<\/p>\n<p>[\/et_pb_slide][et_pb_slide heading=&#8221;Visuaaliset perehdytysmateriaalit mobiilisti?&#8221; button_text=&#8221;Pyyd\u00e4 esittely&#8221; button_link=&#8221;https:\/\/calendly.com\/jarmo-tanskanen\/visuon-presentation&#8221; url_new_window=&#8221;on&#8221; _builder_version=&#8221;4.17.2&#8243; _module_preset=&#8221;default&#8221; background_image=&#8221;https:\/\/visuon.com\/s\/wp-content\/uploads\/2022\/04\/dreamstime_m_228326688.jpg&#8221; background_enable_image=&#8221;on&#8221; global_colors_info=&#8221;{}&#8221; sticky_transition=&#8221;on&#8221;]<\/p>\n<p>Keskitetyt sis\u00e4ll\u00f6t edesauttavat organisaation yhteisten toimintatapojen muodostumisessa, paikkariippumattomasti.<\/p>\n<p>Soita <a href=\"tel:+358505536899\">+358 50 553 6899<\/a> tai[\/et_pb_slide][et_pb_slide heading=&#8221; Et\u00e4tutustumisella v\u00e4lt\u00e4t riskit ja toimit tehokkaasti &#8221; button_text=&#8221;Pyyd\u00e4 esittely&#8221; button_link=&#8221;https:\/\/calendly.com\/jarmo-tanskanen\/visuon-presentation&#8221; url_new_window=&#8221;on&#8221; _builder_version=&#8221;4.17.2&#8243; _module_preset=&#8221;default&#8221; background_image=&#8221;https:\/\/visuon.com\/s\/wp-content\/uploads\/2021\/04\/tampere-hall-covid19-safety-visuon.png&#8221; background_enable_image=&#8221;on&#8221; global_colors_info=&#8221;{}&#8221; sticky_transition=&#8221;on&#8221;]<\/p>\n<p>Opi ty\u00f6kohteiden turvallisuusohjeet ja tilat ennakkoon, saat resurssit t\u00e4yteen vauhtiin nopeasti.<\/p>\n<p>Soita <a href=\"tel:+358505536899\">+358 50 553 6899<\/a> tai[\/et_pb_slide][et_pb_slide heading=&#8221;5 kertaa tehokkaampi perehdytys ja oppiminen&#8221; button_text=&#8221;Pyyd\u00e4 esittely&#8221; _builder_version=&#8221;4.17.2&#8243; _module_preset=&#8221;default&#8221; header_text_color=&#8221;#FFFFFF&#8221; background_color=&#8221;#E5006D&#8221; background_enable_color=&#8221;on&#8221; global_colors_info=&#8221;{}&#8221; sticky_transition=&#8221;on&#8221;]<\/p>\n<p>Henkil\u00f6st\u00f6n osaaminen ja tyytyv\u00e4isyys ovat ylivoimaisesti t\u00e4rkeimm\u00e4t tekij\u00e4t tuottavuuden kasvussa. Ole edell\u00e4k\u00e4vij\u00e4!<\/p>\n<p>Soita <a href=\"tel:+358505536899\">+358 50 553 6899<\/a> tai<\/p>\n<p>[\/et_pb_slide][\/et_pb_slider][\/et_pb_column][\/et_pb_row][\/et_pb_section][et_pb_section fb_built=&#8221;1&#8243; _builder_version=&#8221;4.17.2&#8243; _module_preset=&#8221;default&#8221; background_color=&#8221;#F7F7F7&#8243; global_colors_info=&#8221;{}&#8221;][et_pb_row _builder_version=&#8221;4.17.2&#8243; _module_preset=&#8221;default&#8221; global_colors_info=&#8221;{}&#8221;][et_pb_column type=&#8221;4_4&#8243; _builder_version=&#8221;4.17.2&#8243; _module_preset=&#8221;default&#8221; global_colors_info=&#8221;{}&#8221;][et_pb_text _builder_version=&#8221;4.17.2&#8243; _module_preset=&#8221;default&#8221; text_font=&#8221;|||on|||||&#8221; global_colors_info=&#8221;{}&#8221;]<\/p>\n<h2 style=\"text-align: center;\">Miten autamme sinua?<\/h2>\n<p>[\/et_pb_text][\/et_pb_column][\/et_pb_row][et_pb_row column_structure=&#8221;1_3,1_3,1_3&#8243; _builder_version=&#8221;4.17.2&#8243; _module_preset=&#8221;default&#8221; global_colors_info=&#8221;{}&#8221;][et_pb_column type=&#8221;1_3&#8243; _builder_version=&#8221;4.17.2&#8243; _module_preset=&#8221;default&#8221; global_colors_info=&#8221;{}&#8221;][et_pb_blurb title=&#8221;Ty\u00f6kohdekansio 2.0 tehostaa&#8221; use_icon=&#8221;on&#8221; font_icon=&#8221;&#xf1ae;||fa||900&#8243; icon_color=&#8221;#99CC33&#8243; _builder_version=&#8221;4.17.2&#8243; _module_preset=&#8221;default&#8221; background_color=&#8221;RGBA(255,255,255,0)&#8221; global_colors_info=&#8221;{}&#8221;]<\/p>\n<p>Hy\u00f6dynn\u00e4 ty\u00f6kohdetietoja ja ty\u00f6ohjeita mobiilisti. Jatkuva tuki tehostaa itsen\u00e4ist\u00e4 tekemist\u00e4 ja osaamista.<\/p>\n<p>[\/et_pb_blurb][\/et_pb_column][et_pb_column type=&#8221;1_3&#8243; _builder_version=&#8221;4.17.2&#8243; _module_preset=&#8221;default&#8221; global_colors_info=&#8221;{}&#8221;][et_pb_blurb title=&#8221;Et\u00e4tutustumisella v\u00e4lt\u00e4t riskit ja toimit tehokkaasti.&#8221; use_icon=&#8221;on&#8221; font_icon=&#8221;&#xf1e5;||fa||900&#8243; icon_color=&#8221;#99CC33&#8243; _builder_version=&#8221;4.17.2&#8243; _module_preset=&#8221;default&#8221; global_colors_info=&#8221;{}&#8221;]<\/p>\n<p>Opi ty\u00f6kohteiden turvallisuusohjeet ja tilat ennakkoon, saat resurssit t\u00e4yteen vauhtiin nopeasti.<\/p>\n<p>[\/et_pb_blurb][\/et_pb_column][et_pb_column type=&#8221;1_3&#8243; _builder_version=&#8221;4.17.2&#8243; _module_preset=&#8221;default&#8221; global_colors_info=&#8221;{}&#8221;][et_pb_blurb title=&#8221;5 kertaa tehokkaampi perehdytys ja oppiminen?&#8221; use_icon=&#8221;on&#8221; font_icon=&#8221;&#xf5da;||fa||900&#8243; icon_color=&#8221;#99CC33&#8243; _builder_version=&#8221;4.17.2&#8243; _module_preset=&#8221;default&#8221; global_colors_info=&#8221;{}&#8221;]<\/p>\n<p>Visuaalinen oppiminen on tutkitusti tehokkainta. Osaaminen karttuu nopeasti, my\u00f6s monikielisess\u00e4 ty\u00f6yhteis\u00f6ss\u00e4.<\/p>\n<p>[\/et_pb_blurb][\/et_pb_column][\/et_pb_row][\/et_pb_section][et_pb_section fb_built=&#8221;1&#8243; _builder_version=&#8221;4.16&#8243; _module_preset=&#8221;default&#8221; custom_padding=&#8221;||17px|||&#8221; global_colors_info=&#8221;{}&#8221;][et_pb_row column_structure=&#8221;1_2,1_2&#8243; _builder_version=&#8221;4.16&#8243; _module_preset=&#8221;default&#8221; global_colors_info=&#8221;{}&#8221;][et_pb_column type=&#8221;1_2&#8243; _builder_version=&#8221;4.16&#8243; _module_preset=&#8221;default&#8221; global_colors_info=&#8221;{}&#8221;][et_pb_blurb title=&#8221;Puhtausala &#8211; t\u00e4ht\u00e4imess\u00e4 kilpailuedut&#8221; image=&#8221;https:\/\/visuon.com\/s\/wp-content\/uploads\/2022\/04\/Kuvakaappaus-2022-4-14-kello-15.20.04.png&#8221; alt=&#8221;surgery room&#8221; _builder_version=&#8221;4.17.2&#8243; _module_preset=&#8221;default&#8221; global_colors_info=&#8221;{}&#8221;]<\/p>\n<p>Asiakkaamme puhtausalalla hakevat kilpailuetua henkil\u00f6st\u00f6n osaamisen, tyytyv\u00e4isyyden ja ty\u00f6n laadun kautta. Ty\u00f6kohteiden ja -teht\u00e4vien n\u00e4keminen realistisissa ymp\u00e4rist\u00f6iss\u00e4 on visuaalisuuden vahvuus. Ty\u00f6 ja ty\u00f6h\u00f6n vaadittavat v\u00e4lineet saadaan kytketty\u00e4 niihin paikkoihin miss\u00e4 niit\u00e4 tarvitaan ja k\u00e4ytet\u00e4\u00e4n.<\/p>\n<p>[\/et_pb_blurb][\/et_pb_column][et_pb_column type=&#8221;1_2&#8243; _builder_version=&#8221;4.16&#8243; _module_preset=&#8221;default&#8221; global_colors_info=&#8221;{}&#8221;][et_pb_blurb title=&#8221;Yll\u00e4pito- ja huoltopalvelut &#8211; virtuaalinen tutustuminen on mullistava askel&#8221; image=&#8221;https:\/\/visuon.com\/s\/wp-content\/uploads\/2022\/08\/Kuvakaappaus-2022-8-5-kello-13.15.15.png&#8221; alt=&#8221;surgery room&#8221; _builder_version=&#8221;4.17.2&#8243; _module_preset=&#8221;default&#8221; global_colors_info=&#8221;{}&#8221;]<\/p>\n<p>Laitosten, koneiden ja laitteiden huolto- ja yll\u00e4pitotoimenpiteet tapahtuvat usein haastavissa ja tarkoin s\u00e4\u00e4dellyiss\u00e4 ty\u00f6ymp\u00e4rist\u00f6iss\u00e4. Mahdollisuus virtuaaliseen et\u00e4tutustumiseen ja ty\u00f6prosessin ennakko-oppimiseen vaikuttavat ratkaisevasti ty\u00f6turvallisuusteen, laatuun ja kustannustehokkuuteen. Visuon mahdollistaa realistiset digiduplikaatit paikkariippumattomasti k\u00e4ytett\u00e4v\u00e4ss\u00e4 muodossa.<\/p>\n<p>[\/et_pb_blurb][\/et_pb_column][\/et_pb_row][et_pb_row column_structure=&#8221;1_2,1_2&#8243; _builder_version=&#8221;4.16&#8243; _module_preset=&#8221;default&#8221; global_colors_info=&#8221;{}&#8221;][et_pb_column type=&#8221;1_2&#8243; _builder_version=&#8221;4.16&#8243; _module_preset=&#8221;default&#8221; global_colors_info=&#8221;{}&#8221;][et_pb_blurb title=&#8221;Sairaalaymp\u00e4rist\u00f6t &#8211; Osaamiseen laatua ja tehoa&#8221; image=&#8221;https:\/\/visuon.com\/s\/wp-content\/uploads\/2021\/05\/leikkaussali.png&#8221; alt=&#8221;surgery room&#8221; _builder_version=&#8221;4.17.2&#8243; _module_preset=&#8221;default&#8221; global_colors_info=&#8221;{}&#8221;]<\/p>\n<p>Saimme sairaanhoitopiirilt\u00e4 aivan erinomaisen palautteen siit\u00e4 kuinka helppoa ja intuitiivista on sukeltaa paikan sis\u00e4\u00e4n oppimaan ty\u00f6teht\u00e4vi\u00e4. Visuonin sis\u00e4lt\u00f6polkuominaisuus antaa k\u00e4ytt\u00e4j\u00e4lle paremman kokonaiskuvan ty\u00f6kokonaisuudesta ja mm. j\u00e4rjestyksen (aseptinen j\u00e4rjestys) ty\u00f6vaiheille. Sopii sek\u00e4 uusille ett\u00e4 kokeneille ty\u00f6ntekij\u00f6ille.<a href=\"https:\/\/app.visuon.com\/@jarmo.tanskanen\/example-healthcare\" target=\"_blank\" rel=\"noopener\" title=\"Esimerkki\"><\/a><\/p>\n<p>[\/et_pb_blurb][\/et_pb_column][et_pb_column type=&#8221;1_2&#8243; _builder_version=&#8221;4.16&#8243; _module_preset=&#8221;default&#8221; global_colors_info=&#8221;{}&#8221;][et_pb_blurb title=&#8221;Case KONE &#8211; Innostava ja pelim\u00e4inen viestint\u00e4&#8221; image=&#8221;https:\/\/visuon.com\/s\/wp-content\/uploads\/2020\/09\/blogi-kirsin-juttu.jpg&#8221; alt=&#8221;worker-in-shaft&#8221; _builder_version=&#8221;4.17.2&#8243; _module_preset=&#8221;default&#8221; global_colors_info=&#8221;{}&#8221;]<\/p>\n<p>Pit\u00e4aikainen asiakkaamme KONE hy\u00f6dynt\u00e4\u00e4 Visuonia huoltoprosessien sis\u00e4ll\u00f6iss\u00e4. <em>\u201cTraining takes less time and cost but efficiency in <\/em><em>production is higher. Our maintenance <\/em><em>workers can have fun while working which is our <\/em><em>goal for workplace culture<\/em>\u201d &#8211; KONE<\/p>\n<p>[\/et_pb_blurb][\/et_pb_column][\/et_pb_row][et_pb_row column_structure=&#8221;1_2,1_2&#8243; _builder_version=&#8221;4.16&#8243; _module_preset=&#8221;default&#8221; global_colors_info=&#8221;{}&#8221;][et_pb_column type=&#8221;1_2&#8243; _builder_version=&#8221;4.16&#8243; _module_preset=&#8221;default&#8221; global_colors_info=&#8221;{}&#8221;][et_pb_blurb title=&#8221;Palvelutaso ja laatu &#8211; kommunikoi vaikuttavammin , erotu massasta&#8221; image=&#8221;https:\/\/visuon.com\/s\/wp-content\/uploads\/2020\/05\/Industrial_business@2x.jpg&#8221; alt=&#8221;surgery room&#8221; _builder_version=&#8221;4.17.2&#8243; _module_preset=&#8221;default&#8221; global_colors_info=&#8221;{}&#8221;]<\/p>\n<p>Edell\u00e4k\u00e4vijyys on asioiden tekemist\u00e4 uusilla tavoilla. Asiakkaiden ja sidosryhmien laadukas tiedottaminen osoittaa asiakkaiden arvostusta. Visuaalisuus avaa mahdollisuuksia vakuuttaa ja erottua <strong>MYYNNISS\u00c4<\/strong>.<\/p>\n<p>[\/et_pb_blurb][\/et_pb_column][et_pb_column type=&#8221;1_2&#8243; _builder_version=&#8221;4.16&#8243; _module_preset=&#8221;default&#8221; global_colors_info=&#8221;{}&#8221;][et_pb_blurb title=&#8221;Teknologia-alalle uusia tekij\u00f6it\u00e4 pelillist\u00e4m\u00e4ll\u00e4 sis\u00e4lt\u00f6\u00e4!&#8221; image=&#8221;https:\/\/visuon.com\/s\/wp-content\/uploads\/2020\/06\/keuda2.png&#8221; alt=&#8221;surgery room&#8221; _builder_version=&#8221;4.16&#8243; _module_preset=&#8221;default&#8221; global_colors_info=&#8221;{}&#8221;]<\/p>\n<p>Teknologiateollisuus ry:n toimeksiannosta teimme yhdess\u00e4 sis\u00e4lt\u00f6\u00e4 uranvalintaan nuorille! Sis\u00e4ll\u00f6ss\u00e4 promottiin uratarinoita ja teknologia-alaa siistin\u00e4 ja mielenkiintoisena ty\u00f6paikkana. Visuaaliset, autenttiset ja kokonaisvaltaiset sis\u00e4ll\u00f6t toimivat parhaiten! Kun mukaan saadaan pelillisi\u00e4 elementtej\u00e4, niin sis\u00e4ll\u00f6n kiinnostavuus on selke\u00e4sti isompaa.<\/p>\n<p><a href=\"https:\/\/visuon.io\/@mytech\/teknologiatiistai-2020\">https:\/\/visuon.io\/@mytech\/teknologiatiistai-2020<\/a>\u00a0<\/p>\n<p>[\/et_pb_blurb][\/et_pb_column][\/et_pb_row][et_pb_row column_structure=&#8221;1_2,1_2&#8243; _builder_version=&#8221;4.16&#8243; _module_preset=&#8221;default&#8221; global_colors_info=&#8221;{}&#8221;][et_pb_column type=&#8221;1_2&#8243; _builder_version=&#8221;4.16&#8243; _module_preset=&#8221;default&#8221; global_colors_info=&#8221;{}&#8221;][et_pb_blurb title=&#8221;Turvallisuus ensin &#8211; Laboratorion menetelm\u00e4t ja laitteet&#8221; image=&#8221;https:\/\/visuon.com\/s\/wp-content\/uploads\/2022\/08\/Kuvakaappaus-2021-10-31-kello-12.41.26.png&#8221; alt=&#8221;surgery room&#8221; _builder_version=&#8221;4.17.2&#8243; _module_preset=&#8221;default&#8221; global_colors_info=&#8221;{}&#8221;]<\/p>\n<p>Pitk\u00e4aikainen asiakkaamme hy\u00f6dynt\u00e4\u00e4 visuaalista sis\u00e4lt\u00f6\u00e4 laboratorioty\u00f6n esittelyss\u00e4, ty\u00f6turvallisuudessa ja laitteiden sek\u00e4 ty\u00f6menetelmien kuvauksissa. Lyhyet ja laadukkaat videot sek\u00e4 tekstiohjeet ovat helposti p\u00e4ivitett\u00e4viss\u00e4 ja vaihdettavissa uusiin.<\/p>\n<p>[\/et_pb_blurb][\/et_pb_column][et_pb_column type=&#8221;1_2&#8243; _builder_version=&#8221;4.16&#8243; _module_preset=&#8221;default&#8221; global_colors_info=&#8221;{}&#8221;][et_pb_blurb title=&#8221;Sis\u00e4ll\u00f6ntuotanto on nopeaa ja hauskaa yhdess\u00e4&#8221; image=&#8221;https:\/\/visuon.com\/s\/wp-content\/uploads\/2022\/08\/IMG_5720-kopio.jpeg&#8221; alt=&#8221;surgery room&#8221; _builder_version=&#8221;4.17.2&#8243; _module_preset=&#8221;default&#8221; global_colors_info=&#8221;{}&#8221;]<\/p>\n<p>Oulun Ammattikorkeakoulussa (OAMK) ja Oulun yliopistollisessa sairaalassa kuvattiin ja ty\u00f6stettiin radiologian sis\u00e4lt\u00f6j\u00e4 tuleville r\u00f6ntgenhoitajille. Yhteisty\u00f6ss\u00e4 materiaalin teko on sujuvaa ja helppoa; substanssi ammattilaisilta ja visuaalisen konseptin toteutus Visuonilta.<\/p>\n<p>[\/et_pb_blurb][\/et_pb_column][\/et_pb_row][\/et_pb_section][et_pb_section fb_built=&#8221;1&#8243; _builder_version=&#8221;4.16&#8243; _module_preset=&#8221;default&#8221; custom_padding=&#8221;||17px|||&#8221; global_colors_info=&#8221;{}&#8221;][et_pb_row _builder_version=&#8221;4.16&#8243; _module_preset=&#8221;default&#8221; global_colors_info=&#8221;{}&#8221;][et_pb_column type=&#8221;4_4&#8243; _builder_version=&#8221;4.16&#8243; _module_preset=&#8221;default&#8221; global_colors_info=&#8221;{}&#8221;][et_pb_text _builder_version=&#8221;4.17.2&#8243; _module_preset=&#8221;default&#8221; global_colors_info=&#8221;{}&#8221;]<\/p>\n<h4>Varaa aika esittelylle t\u00e4st\u00e4! My\u00f6s esittelyvideo katsottavissa alla.<\/h4>\n<p>Varaa 45 min esittelyaika kes\u00e4- tai elokuulle Jarmon kalenterista. Saat kutsun ja linkin Google miittiin\u00a0 samantien spostiisi.<\/p>\n<p>[\/et_pb_text][et_pb_code _builder_version=&#8221;4.17.2&#8243; _module_preset=&#8221;default&#8221; global_colors_info=&#8221;{}&#8221;]<iframe src=\"https:\/\/calendly.com\/jarmo-tanskanen\/visuon-presentation\" style=\"width:100%;min-height:600px;border:none;\" scrolling=\"auto\"><\/iframe>[\/et_pb_code][\/et_pb_column][\/et_pb_row][\/et_pb_section][et_pb_section fb_built=&#8221;1&#8243; _builder_version=&#8221;4.17.2&#8243; _module_preset=&#8221;default&#8221; background_color=&#8221;#000000&#8243; custom_padding=&#8221;1px|||||&#8221; global_colors_info=&#8221;{}&#8221;][et_pb_row _builder_version=&#8221;4.16&#8243; _module_preset=&#8221;default&#8221; global_colors_info=&#8221;{}&#8221;][et_pb_column type=&#8221;4_4&#8243; _builder_version=&#8221;4.16&#8243; _module_preset=&#8221;default&#8221; global_colors_info=&#8221;{}&#8221;][et_pb_video src=&#8221;https:\/\/youtu.be\/5abTFTufRDg&#8221; _builder_version=&#8221;4.17.2&#8243; _module_preset=&#8221;default&#8221; global_colors_info=&#8221;{}&#8221;][\/et_pb_video][\/et_pb_column][\/et_pb_row][\/et_pb_section]<\/p>\n","protected":false},"excerpt":{"rendered":"<p>Visuon Digikaksonen on opastava, intuitiivinen ja virtuaalinen k\u00e4vij\u00e4kokemus paikassa, joka on kaikkein t\u00e4rkein kumppaneillesi, asiakkaillesi tai ty\u00f6ntekij\u00f6illesi. CASE: TAMPERE-TALO, TUTUSTU, KLIKKAA T\u00c4ST\u00c4!Puhtausalan ammattilaisten kanssa tuotettu perehdytyspalvelu vapauttaa esimiesresursseja,nostaa ty\u00f6n laatua ja laskee reklamaatioiden m\u00e4\u00e4r\u00e4\u00e4. Soita +358 50 553 6899 taiHy\u00f6dynn\u00e4 ty\u00f6kohdetietoja ja ty\u00f6ohjeita mobiilisti. Jatkuva tuki tehostaa itsen\u00e4ist\u00e4 tekemist\u00e4 ja osaamista. Soita +358 50 553 [&hellip;]<\/p>\n","protected":false},"author":1,"featured_media":0,"parent":0,"menu_order":0,"comment_status":"closed","ping_status":"closed","template":"","meta":{"_et_pb_use_builder":"on","_et_pb_old_content":"","_et_gb_content_width":"","footnotes":""},"yoast_head":"<!-- This site is optimized with the Yoast SEO plugin v23.5 - https:\/\/yoast.com\/wordpress\/plugins\/seo\/ -->\n<title>Etusivu - Visuon Impact<\/title>\n<meta name=\"robots\" content=\"index, follow, max-snippet:-1, max-image-preview:large, max-video-preview:-1\" \/>\n<link rel=\"canonical\" href=\"https:\/\/visuon.com\/s\/fi\/\" \/>\n<meta property=\"og:locale\" content=\"fi_FI\" \/>\n<meta property=\"og:type\" content=\"article\" \/>\n<meta property=\"og:title\" content=\"Etusivu - Visuon Impact\" \/>\n<meta property=\"og:description\" content=\"Visuon Digikaksonen on opastava, intuitiivinen ja virtuaalinen k\u00e4vij\u00e4kokemus paikassa, joka on kaikkein t\u00e4rkein kumppaneillesi, asiakkaillesi tai ty\u00f6ntekij\u00f6illesi. CASE: TAMPERE-TALO, TUTUSTU, KLIKKAA T\u00c4ST\u00c4!Puhtausalan ammattilaisten kanssa tuotettu perehdytyspalvelu vapauttaa esimiesresursseja,nostaa ty\u00f6n laatua ja laskee reklamaatioiden m\u00e4\u00e4r\u00e4\u00e4. Soita +358 50 553 6899 taiHy\u00f6dynn\u00e4 ty\u00f6kohdetietoja ja ty\u00f6ohjeita mobiilisti. Jatkuva tuki tehostaa itsen\u00e4ist\u00e4 tekemist\u00e4 ja osaamista. Soita +358 50 553 [&hellip;]\" \/>\n<meta property=\"og:url\" content=\"https:\/\/visuon.com\/s\/fi\/\" \/>\n<meta property=\"og:site_name\" content=\"Visuon Impact\" \/>\n<meta property=\"article:publisher\" content=\"https:\/\/www.facebook.com\/visuonCo\" \/>\n<meta property=\"article:modified_time\" content=\"2024-11-13T12:50:40+00:00\" \/>\n<meta name=\"twitter:card\" content=\"summary_large_image\" \/>\n<meta name=\"twitter:site\" content=\"@visuonco\" \/>\n<script type=\"application\/ld+json\" class=\"yoast-schema-graph\">{\"@context\":\"https:\/\/schema.org\",\"@graph\":[{\"@type\":\"WebPage\",\"@id\":\"https:\/\/visuon.com\/s\/fi\/\",\"url\":\"https:\/\/visuon.com\/s\/fi\/\",\"name\":\"Etusivu - Visuon Impact\",\"isPartOf\":{\"@id\":\"https:\/\/visuon.com\/s\/#website\"},\"datePublished\":\"2022-08-18T08:31:51+00:00\",\"dateModified\":\"2024-11-13T12:50:40+00:00\",\"breadcrumb\":{\"@id\":\"https:\/\/visuon.com\/s\/fi\/#breadcrumb\"},\"inLanguage\":\"fi\",\"potentialAction\":[{\"@type\":\"ReadAction\",\"target\":[\"https:\/\/visuon.com\/s\/fi\/\"]}]},{\"@type\":\"BreadcrumbList\",\"@id\":\"https:\/\/visuon.com\/s\/fi\/#breadcrumb\",\"itemListElement\":[{\"@type\":\"ListItem\",\"position\":1,\"name\":\"Home\",\"item\":\"https:\/\/visuon.com\/s\/fi\/\"},{\"@type\":\"ListItem\",\"position\":2,\"name\":\"Etusivu\"}]},{\"@type\":\"WebSite\",\"@id\":\"https:\/\/visuon.com\/s\/#website\",\"url\":\"https:\/\/visuon.com\/s\/\",\"name\":\"Visuon Impact\",\"description\":\"New era for visual impact on business\",\"potentialAction\":[{\"@type\":\"SearchAction\",\"target\":{\"@type\":\"EntryPoint\",\"urlTemplate\":\"https:\/\/visuon.com\/s\/?s={search_term_string}\"},\"query-input\":{\"@type\":\"PropertyValueSpecification\",\"valueRequired\":true,\"valueName\":\"search_term_string\"}}],\"inLanguage\":\"fi\"}]}<\/script>\n<!-- \/ Yoast SEO plugin. -->","yoast_head_json":{"title":"Etusivu - Visuon Impact","robots":{"index":"index","follow":"follow","max-snippet":"max-snippet:-1","max-image-preview":"max-image-preview:large","max-video-preview":"max-video-preview:-1"},"canonical":"https:\/\/visuon.com\/s\/fi\/","og_locale":"fi_FI","og_type":"article","og_title":"Etusivu - Visuon Impact","og_description":"Visuon Digikaksonen on opastava, intuitiivinen ja virtuaalinen k\u00e4vij\u00e4kokemus paikassa, joka on kaikkein t\u00e4rkein kumppaneillesi, asiakkaillesi tai ty\u00f6ntekij\u00f6illesi. CASE: TAMPERE-TALO, TUTUSTU, KLIKKAA T\u00c4ST\u00c4!Puhtausalan ammattilaisten kanssa tuotettu perehdytyspalvelu vapauttaa esimiesresursseja,nostaa ty\u00f6n laatua ja laskee reklamaatioiden m\u00e4\u00e4r\u00e4\u00e4. Soita +358 50 553 6899 taiHy\u00f6dynn\u00e4 ty\u00f6kohdetietoja ja ty\u00f6ohjeita mobiilisti. Jatkuva tuki tehostaa itsen\u00e4ist\u00e4 tekemist\u00e4 ja osaamista. Soita +358 50 553 [&hellip;]","og_url":"https:\/\/visuon.com\/s\/fi\/","og_site_name":"Visuon Impact","article_publisher":"https:\/\/www.facebook.com\/visuonCo","article_modified_time":"2024-11-13T12:50:40+00:00","twitter_card":"summary_large_image","twitter_site":"@visuonco","schema":{"@context":"https:\/\/schema.org","@graph":[{"@type":"WebPage","@id":"https:\/\/visuon.com\/s\/fi\/","url":"https:\/\/visuon.com\/s\/fi\/","name":"Etusivu - Visuon Impact","isPartOf":{"@id":"https:\/\/visuon.com\/s\/#website"},"datePublished":"2022-08-18T08:31:51+00:00","dateModified":"2024-11-13T12:50:40+00:00","breadcrumb":{"@id":"https:\/\/visuon.com\/s\/fi\/#breadcrumb"},"inLanguage":"fi","potentialAction":[{"@type":"ReadAction","target":["https:\/\/visuon.com\/s\/fi\/"]}]},{"@type":"BreadcrumbList","@id":"https:\/\/visuon.com\/s\/fi\/#breadcrumb","itemListElement":[{"@type":"ListItem","position":1,"name":"Home","item":"https:\/\/visuon.com\/s\/fi\/"},{"@type":"ListItem","position":2,"name":"Etusivu"}]},{"@type":"WebSite","@id":"https:\/\/visuon.com\/s\/#website","url":"https:\/\/visuon.com\/s\/","name":"Visuon Impact","description":"New era for visual impact on business","potentialAction":[{"@type":"SearchAction","target":{"@type":"EntryPoint","urlTemplate":"https:\/\/visuon.com\/s\/?s={search_term_string}"},"query-input":{"@type":"PropertyValueSpecification","valueRequired":true,"valueName":"search_term_string"}}],"inLanguage":"fi"}]}},"_links":{"self":[{"href":"https:\/\/visuon.com\/s\/wp-json\/wp\/v2\/pages\/2681"}],"collection":[{"href":"https:\/\/visuon.com\/s\/wp-json\/wp\/v2\/pages"}],"about":[{"href":"https:\/\/visuon.com\/s\/wp-json\/wp\/v2\/types\/page"}],"author":[{"embeddable":true,"href":"https:\/\/visuon.com\/s\/wp-json\/wp\/v2\/users\/1"}],"replies":[{"embeddable":true,"href":"https:\/\/visuon.com\/s\/wp-json\/wp\/v2\/comments?post=2681"}],"version-history":[{"count":62,"href":"https:\/\/visuon.com\/s\/wp-json\/wp\/v2\/pages\/2681\/revisions"}],"predecessor-version":[{"id":3256,"href":"https:\/\/visuon.com\/s\/wp-json\/wp\/v2\/pages\/2681\/revisions\/3256"}],"wp:attachment":[{"href":"https:\/\/visuon.com\/s\/wp-json\/wp\/v2\/media?parent=2681"}],"curies":[{"name":"wp","href":"https:\/\/api.w.org\/{rel}","templated":true}]}}